228 + 2).
2, 3, 31
What are the prime factors of -1*8541/(-2 - 7)?
13, 73
Let a(w) = w**3 + 5*w**2 + w - 8. Let p be a(-4). Suppose 3*c - 104 = -p*o - 0*o, 0 = 3*o - c - 65. List the prime factors of o.
23
Suppose 0 = a - 2*g + 6, 2*a - g + 11 = 2*g. What are the prime factors of 34/3*(-30)/a?
5, 17
Suppose 5*q = 4378 - 833. Suppose -q = -3*y + 5*s - 59, 5*s + 20 = 0. Let j = y - 144. List the prime factors of j.
2, 3, 11
Let c(q) = -2*q + 5*q**2 - 4*q**2 - 5*q + 2. Let f be 2 - (-11 - (-4 + 2)). What are the prime factors of c(f)?
2, 23
Suppose 0 = -h + 4*v - 220, -1196 = 2*h + 3*h + 4*v. Let a be h/(-2) + (-4 - -7). Suppose 2*k = -0*k + q + a, -3 = q. List the prime factors of k.
59
Suppose -o + 6 = -w, 3*o = -6*w + 2*w + 18. Suppose -o - 31 = -3*i + 5*q, 3*q = -i - 11. What are the prime factors of i?
2
Let c = -434 + 808. List the prime factors of c.
2, 11, 17
Suppose -2*c = 3*c - 30. What are the prime factors of (c - (3 + (1 - 4))) + 3?
3
Let u(d) = 58*d**2 - 3*d + 59. List the prime factors of u(-7).
2, 3, 487
Let g(x) = x**3 + 11*x**2 + 9*x - 7. Let y be g(-10). Let d = y + 14. Let i = d - 9. List the prime factors of i.
2
Let m = -464 - -857. What are the prime factors of m?
3, 131
Let m(a) = a - 1. Let x(b) = -b**2 - 4*b + 20. Let k(l) = 3*m(l) + x(l). Suppose 52*q = 54*q. List the prime factors of k(q).
17
Let n(v) = -v**3 + 6*v**2 + 3*v - 15. Let y be n(6). Suppose 10 + 8 = y*f. What are the prime factors of f?
2, 3
Suppose 23 = 5*n + 3*i - 52, -20 = -4*i. Let m be -3*(-1)/(n/28). Suppose b + m = 19. What are the prime factors of b?
2, 3
What are the prime factors of 20750/75*(-84)/(-10)?
2, 7, 83
Suppose -27*c = -41*c + 1302. What are the prime factors of c?
3, 31
Let r(b) = 9*b + 4. Let u(h) = -h**2 - 7*h - 3. Let c be u(-5). Let s(w) = 4*w + 2. Let x(p) = c*s(p) - 3*r(p). What are the prime factors of x(3)?
5
Let s(b) = -b**3 - 3*b**2 + 2*b - 4. Let k be s(-4). Suppose 3 = -k*n + 147. List the prime factors of n.
2, 3
Let o(v) = -v**3 + 7*v**2 + 4*v + 10. Let s be o(7). Let t be 2/(-4) + s/4. Suppose -g = 4*n - 9, -4*n + 9*n + 2*g = t. List the prime factors of n.
3
Let c be ((-841)/87)/((-1)/3). Let r(h) = -25*h**2 + h + 1. Let k be r(-1). Let l = c + k. List the prime factors of l.
2
Let i = -29 + 27. Let t = i + 8. Let u(l) = 3*l + 2. What are the prime factors of u(t)?
2, 5
Let n be ((-2)/6)/((-3)/(-99)). Let y = n - -43. List the prime factors of y.
2
Let y = -1500 + 1071. Let g = 620 + y. List the prime factors of g.
191
Suppose -1852 = -n - 3*k + 1942, -5*n = -3*k - 18898. What are the prime factors of n?
2, 31, 61
Let h be (-14)/21 - 38/6. Let x = 7 + h. Suppose -5*r + 33 = 2*s, 0 = -3*s - x*r - 2*r + 33. What are the prime factors of s?
3
Suppose -3*y = -6*y + 6. Suppose -y*a = -24 - 18. What are the prime factors of 2 + (a - (-1 - -3))?
3, 7
Let q be (30640/(-60))/((-2)/3). Suppose 3*p = 4*h - 582 - 32, -5*h + q = -3*p. What are the prime factors of h?
2, 19
Suppose -3*s = a - 1275, -s + 0*s + 436 = 4*a. List the prime factors of s.
2, 53
Let q(k) = 5*k + 33. Suppose -33 - 11 = -4*f. What are the prime factors of q(f)?
2, 11
Let a = 1057 - -773. What are the prime factors of a?
2, 3, 5, 61
Let u = -348 + 796. List the prime factors of (54/(-21))/((-6)/u).
2, 3
Suppose -24*n = -104552 + 41192. What are the prime factors of n?
2, 3, 5, 11
Let z = -121 - -72. Let g = z + 96. What are the prime factors of g?
47
Suppose 0*a + 636 = f - 3*a, -2589 = -4*f - 3*a. What are the prime factors of f?
3, 5, 43
Suppose 25*i = 30259 - 3259. What are the prime factors of i?
2, 3, 5
Let h(b) be the first derivative of b**4/4 + 20*b**3/3 + 15*b**2 - 21*b + 16. What are the prime factors of h(-18)?
3, 29
Let h(o) = -8*o + 5. Let q be h(2). What are the prime factors of ((-5)/(-3))/(q/(-33))?
5
Suppose -5*b = 2*r - 30 + 6, 4*b = 5*r + 6. Let z be b*(2 + (-3)/6). List the prime factors of (-48)/(-22) - z/33.
2
Suppose -2*q + 2*p = 3*q - 91, -4*q = -2*p - 74. Suppose -114 = -20*m + q*m. List the prime factors of m.
2, 19
Let d(i) = 49*i + 64. What are the prime factors of d(25)?
1289
Suppose 2501 = n - 5*h, 5*h = 4*n + 6*h - 9899. List the prime factors of n.
2, 619
Suppose 18*x - 49 = 3*t + 16*x, -47 = 4*t + x. Let r be -1 + 1*(2 - 1). Let f = r - t. List the prime factors of f.
13
Suppose -4*j + 80 + 12 = 0. Suppose -j = -5*i + 6*i. Let a = i + 43. What are the prime factors of a?
2, 5
Let j = -11740 + 16483. List the prime factors of j.
3, 17, 31
Suppose 11*j = 9*j - 8. What are the prime factors of j - (156/(-2) - 1)?
3, 5
Let w(x) = -9*x - 10. Let f be w(-8). Suppose 4*z + f = 2*z. Let b = z - -53. List the prime factors of b.
2, 11
Suppose 65*y = 72*y - 15575. List the prime factors of y.
5, 89
Suppose 2*q + 2*a = -3*a + 435, -6 = -2*a. Suppose q*y = 215*y - 860. What are the prime factors of y?
2, 43
Suppose m - 3*i + 49 = 0, 319 = -4*m - 3*i + 93. List the prime factors of 8/16 + (-14)/4 - m.
2, 13
Let p = -22 + 16. Let u = p + 6. What are the prime factors of (-22)/(-2) + u + -2?
3
Let k(d) be the third derivative of -5*d**4/4 - 14*d**3/3 + 5*d**2. What are the prime factors of k(-7)?
2, 7, 13
Suppose -9*i - 6 = -600. What are the prime factors of i?
2, 3, 11
What are the prime factors of (-48)/(-120) - 6063/(-5)?
1213
Let d = -12 + 6. Let z be d/(-21) - (-187)/7. What are the prime factors of z*1 - (2 + -5)?
2, 3, 5
Let g = 9 - 4. Suppose -i - 12 = -g*i. Suppose 6*w - 4*w - i*j = -2, 1 = w - j. What are the prime factors of w?
5
Suppose -243*m + 248*m - 4120 = 0. List the prime factors of m.
2, 103
Let y = 80 + -118. Let x = y + 26. What are the prime factors of (-32)/6*90/x?
2, 5
Let d(y) = 228*y - 37. List the prime factors of d(2).
419
Suppose 1571 = 3*l + 4*i, -5*l + 8*l = 3*i + 1536. List the prime factors of l.
11, 47
Let n be 2/(6/3)*83. Suppose n = -w + 10. Let g = -44 - w. List the prime factors of g.
29
Let v(n) = 39*n**2 + 5*n + 61. What are the prime factors of v(-6)?
5, 7, 41
Suppose 0 = -v - o + 110 + 517, -2*v - 4*o = -1256. List the prime factors of v.
2, 313
Suppose -11 = 2*t + 9. Let n(c) = c**3 + 9*c**2 - 19*c - 14. List the prime factors of n(t).
2, 19
Let q(c) = -c**2 - 3*c - 1. Let x(d) = -d**2 - 4*d. Let j be x(-3). Let o be q(j). Let i = 57 + o. What are the prime factors of i?
2, 19
Let y = -235 - -551. What are the prime factors of y?
2, 79
Suppose -3*n + x = 4*x - 663, 4*x = 12. What are the prime factors of n/12 - (-2)/(-12)?
2, 3
Suppose v + 366 = 4*r - 0*r, 3*r = -5*v + 286. List the prime factors of (0 - r/(-8))*4.
2, 23
Let g(z) = -z**3 - 27*z**2 - 7*z + 37. Let f = 6 + -33. List the prime factors of g(f).
2, 113
Let j be -3*(-1)/(-3) + 4. Let q(p) = p**3 - 4*p**2 + 3*p + 3. Let k be q(j). Suppose 0 = -k*h + 5*t + 186, 4*h + t + 51 = 299. What are the prime factors of h?
2, 31
Let c(r) be the third derivative of 19*r**5/60 - r**4/8 + 28*r**2. What are the prime factors of c(3)?
2, 3
Let y(j) = -j**3 - 4*j**2 + 6. Let p be y(-2). What are the prime factors of p/5 + 1 + 3876/15?
7, 37
Let n = -140 + 262. Let c = n + -80. List the prime factors of c.
2, 3, 7
Let r(s) = s**3 + 2*s**2 - 2*s - 6. Let f be r(-2). Suppose 3*z - i = i + 25, 4*z - 10 = -2*i. What are the prime factors of 0/f - (z + -9)?
2
Suppose -3*y = 3*u - 33, 5*y - 66 = -2*u - 23. Let p = -4 + y. Suppose 3*d - 12 = -p. List the prime factors of d.
3
Suppose 5*q = 25, 3*q = -m + 2*q - 43. List the prime factors of 386/3 + 32/m.
2
Let o be (-3 + -2)/(-2 + 1). Suppose -o*y + 81 = -69. Let q = y + -12. What are the prime factors of q?
2, 3
Let v = 1091 + 170. What are the prime factors of v?
13, 97
Let q(g) = 4*g - 18. Let i = 25 - 18. What are the prime factors of q(i)?
2, 5
Let l = 1950 - -1595. List the prime factors of l.
5, 709
Let q be 48/4*(-18)/(-8). Let g = 122 - 144. Let w = q + g. List the prime factors of w.
5
List the prime factors of (-33702)/(-38) + (-6)/(-57).
887
Let v = 252 + -529. Let p = v - -487. List the prime factors of p.
2, 3, 5, 7
Suppose 14*z + 670 = -716. Let n = 198 + z. What are the prime factors of n?
3, 11
Let p be 2 + -1 - 0 - (-1 + 8). What are the prime factors of (p/(-15))/(2/10)?
2
Let d(r) = -r**3 - 6*r**2 + 2*r + 17. Let c(z) = -z**3 + 8*z**2 - 14*z + 5. Let y be c(6). What are the prime factors of d